{"id":51,"date":"2018-09-22T02:47:31","date_gmt":"2018-09-22T02:47:31","guid":{"rendered":"http:\/\/www.comamtransportes.com.br\/home\/?page_id=51"},"modified":"2022-02-08T18:58:37","modified_gmt":"2022-02-08T18:58:37","slug":"servicos","status":"publish","type":"page","link":"https:\/\/www.comamtransportes.com.br\/home\/servicos\/","title":{"rendered":"Servi\u00e7os"},"content":{"rendered":"<p>SERVI\u00c7OS:<\/p>\n<p>Prestamos servi\u00e7o de transporte rodovi\u00e1rio e hidrovi\u00e1rio para todo o estado do Par\u00e1, Amap\u00e1, Amazonas e Goi\u00e1s em suas principais cidades e entornos, conte conosco para levar e trazer solu\u00e7\u00f5es para sua empresa.<\/p>\n<p>Dispomos de servi\u00e7o de coleta em S\u00e3o Paulo capital, regi\u00e3o metropolitana de S\u00e3o Paulo e algumas cidades do interior, precisando de coleta ? solicite atrav\u00e9s de nosso site.<\/p>\n<p>Dispomos de servi\u00e7o de rastreamento online de cargas atrav\u00e9s de nosso site, precisa rastrear sua carga, fa\u00e7a o rastreamento clicando <u>aqui<\/u>.<\/p>\n<p>Tecnologia, a COMAM TRANSPORTES\u00a0utiliza um aplicativo via web com as principais informa\u00e7\u00f5es dos nossos servi\u00e7os \u00e9 uma ferramenta de integra\u00e7\u00e3o operacional e controles administrativos que disp\u00f5e de um Painel Gerencial que apresenta toda a opera\u00e7\u00e3o em tempo real aos nossos colaboradores, tornando assim \u00e1gil as coletas, entregas e posi\u00e7\u00f5es em tempo real de nossos motoristas e entregadores.<\/p>\n<p>Com isso temos em nosso portal a disposi\u00e7\u00e3o dos clientes as seguintes informa\u00e7\u00f5es:<\/p>\n<ul>\n<li>Comprovante de entrega digitalizado<\/li>\n<li>Localiza\u00e7\u00e3o dos ve\u00edculos<\/li>\n<li>Ocorr\u00eancias em tempo real<\/li>\n<li>Rastreamento<\/li>\n<li>Status da Coleta \/ Entrega se realizadas ou pendentes<\/li>\n<li>Tempo previsto para entrega \/ coleta<\/li>\n<\/ul>\n","protected":false},"excerpt":{"rendered":"<div class=\"slide-text-bg2\"><span>SERVI\u00c7OS: Prestamos servi\u00e7o de transporte rodovi\u00e1rio e hidrovi\u00e1rio para todo o estado do Par\u00e1, Amap\u00e1, Amazonas e Goi\u00e1s em suas principais cidades e <\/span><\/div>\n<div class=\"slide-btn-area-sm\"><a href=\"https:\/\/www.comamtransportes.com.br\/home\/servicos\/\" class=\"slide-btn-sm\">Ler mais<\/a><\/div>\n","protected":false},"author":1,"featured_media":0,"parent":0,"menu_order":0,"comment_status":"closed","ping_status":"closed","template":"","meta":[],"_links":{"self":[{"href":"https:\/\/www.comamtransportes.com.br\/home\/wp-json\/wp\/v2\/pages\/51"}],"collection":[{"href":"https:\/\/www.comamtransportes.com.br\/home\/wp-json\/wp\/v2\/pages"}],"about":[{"href":"https:\/\/www.comamtransportes.com.br\/home\/wp-json\/wp\/v2\/types\/page"}],"author":[{"embeddable":true,"href":"https:\/\/www.comamtransportes.com.br\/home\/wp-json\/wp\/v2\/users\/1"}],"replies":[{"embeddable":true,"href":"https:\/\/www.comamtransportes.com.br\/home\/wp-json\/wp\/v2\/comments?post=51"}],"version-history":[{"count":5,"href":"https:\/\/www.comamtransportes.com.br\/home\/wp-json\/wp\/v2\/pages\/51\/revisions"}],"predecessor-version":[{"id":321,"href":"https:\/\/www.comamtransportes.com.br\/home\/wp-json\/wp\/v2\/pages\/51\/revisions\/321"}],"wp:attachment":[{"href":"https:\/\/www.comamtransportes.com.br\/home\/wp-json\/wp\/v2\/media?parent=51"}],"curies":[{"name":"wp","href":"https:\/\/api.w.org\/{rel}","templated":true}]}}